{"id":1660,"date":"2024-04-18T17:17:20","date_gmt":"2024-04-18T17:17:20","guid":{"rendered":"http:\/\/localhost\/odo3\/?page_id=1660"},"modified":"2024-06-28T19:31:23","modified_gmt":"2024-06-28T19:31:23","slug":"6-investigadores","status":"publish","type":"page","link":"https:\/\/odontologia.mxl.uabc.mx\/odo3\/6-investigadores\/","title":{"rendered":"6. Investigadores"},"content":{"rendered":"<h1 class=\"title\">Investigadores<\/h1>\n<div class=\"entry-content\">\n<div class=\"entry-content\">\n<p><strong>Dr. Nicol\u00e1s Addiel Seraf\u00edn Higuera.<\/strong><\/p>\n<p>Qu\u00edmico Bi\u00f3logo Parasit\u00f3logo, Facultad de Qu\u00edmica, Universidad Aut\u00f3noma de Guerrero. Maestr\u00eda en Ciencias en Gen\u00e9tica y Biolog\u00eda Molecular, CIVESTAV-IPN. Doctorado en Ciencias en Gen\u00e9tica y Biolog\u00eda Molecular, CINVESTAV-IPN.<\/p>\n<p>L\u00edneas de Investigaci\u00f3n: Estudio de inflamaci\u00f3n en c\u00e1ncer oral, Biomarcadores en patolog\u00eda bucal.<\/p>\n<p>correo electr\u00f3nico:\u00a0\u00a0<a href=\"mailto:nserafin@uabc.edu.mx\">nserafin@uabc.edu.mx<\/a><\/p>\n<p>CA: Biolog\u00eda celular y molecular<\/p>\n<p><strong>\u00a0<\/strong><\/p>\n<p><strong>Dr. Maikel Hermida Rojas<\/strong><\/p>\n<p>Especialidad Cirujano Oral y Maxilofacial en Ciencias M\u00e9dicas de Camaguei Cuba,<\/p>\n<p>Maestr\u00eda en Salud bucal comunitaria en Ciencias M\u00e9dicas de Camaguei Cuba,\u00a0 Bio\u00e9tica en Universidad Cat\u00f3lica de Valencia Espa\u00f1a, Doctorado en Ciencias Estomatol\u00f3gicas Universidad de Ciencias M\u00e9dicas de la Habana.<\/p>\n<p>L\u00ednea de investigaci\u00f3n: Investigaci\u00f3n, diagn\u00f3stico y tratamiento de c\u00e1ncer.<\/p>\n<p>correo electr\u00f3nico:\u00a0\u00a0<a href=\"mailto:maikel.hermida@uabc.edu.mx\">maikel.hermida@uabc.edu.mx<\/a><\/p>\n<p>CA:\u00a0 Odontolog\u00eda cl\u00ednica y epidemiol\u00f3gica<\/p>\n<p><strong>\u00a0<\/strong><\/p>\n<p><strong>Dra. Yolanda Bojorquez Anaya<\/strong><\/p>\n<p>Especialidad en Periodoncia en UNAM, Maestr\u00eda en Odontolog\u00eda\u00a0 UABC-UNAM, Doctorado en Investigaci\u00f3n Odontol\u00f3gica Granada Espa\u00f1a.<\/p>\n<p>L\u00edneas de investigaci\u00f3n: Biolog\u00eda celular y molecular, Investigaci\u00f3n cl\u00ednica aplicada<\/p>\n<p>correo electr\u00f3nico:\u00a0<a href=\"mailto:yolandabojorquez@uabc.edu.mx\">yolandabojorquez@uabc.edu.mx<\/a><\/p>\n<p>CA: Biolog\u00eda celular y molecular<\/p>\n<p>&nbsp;<\/p>\n<p><strong>Dra. Silvia Viviana Pitones Rubio<\/strong><\/p>\n<p>Qu\u00edmica farmacobi\u00f3loga, Maestr\u00eda en Biotecnolog\u00eda Marina, Doctorado en Ecolog\u00eda molecular y biotecnolog\u00eda.<\/p>\n<p>L\u00ednea de investigaci\u00f3n: Microbiolog\u00eda molecular<\/p>\n<p>Correo electr\u00f3nico:\u00a0<a href=\"mailto:viviana.pitones@uabc.edu.mx\">viviana.pitones@uabc.edu.mx<\/a><\/p>\n<p>CA: Odontolog\u00eda cl\u00ednica y epidemiol\u00f3gica<\/p>\n<p><strong>\u00a0<\/strong><\/p>\n<p><strong>M.C.\u00a0<\/strong><strong>Gabriel Mu\u00f1oz Salcido<\/strong><\/p>\n<p>Especialidad en Prostodoncia FOM, Maestr\u00eda en Ciencias de la Salud Facultad de Enfermeria UABC.<\/p>\n<p>L\u00ednea de investigaci\u00f3n: Biomateriales, Odontolog\u00eda cl\u00ednica y Epidemiol\u00f3gica<\/p>\n<p>Correo electr\u00f3nico:\u00a0<a href=\"mailto:gmuoz@uabc.edu.mx\">gmuoz@uabc.edu.mx<\/a><\/p>\n<p>CA: Odontolog\u00eda cl\u00ednica y epidemiol\u00f3gica<\/p>\n<p>&nbsp;<\/p>\n<p><strong>M.C. Miguel \u00c1ngel Carrillo Collado<\/strong><\/p>\n<p>Especialidad en Prostodoncia FOM, Maestr\u00eda Instituto de Ingenier\u00eda de la UABC.<\/p>\n<p>L\u00ednea de investigaci\u00f3n: Biomateriales<\/p>\n<p>Correo electr\u00f3nico:\u00a0\u00a0<a href=\"mailto:carrillo.miguel51@uabc.edu.mx\">carrillo.miguel51@uabc.edu.mx<\/a><\/p>\n<p>CA: Biomateriales<\/p>\n<p>&nbsp;<\/p>\n<p><strong>M.C. Marina Concepci\u00f3n Silva Mancilla<\/strong><\/p>\n<p>Maestr\u00eda en Ciencias de la salud, Facultad de Medicina de la UABC<\/p>\n<p>L\u00ednea de investigaci\u00f3n: Especies c\u00e1ndida en estomatitis<\/p>\n<p>Correo electr\u00f3nico:\u00a0<a href=\"mailto:marina.silva@uabc.edu.mx\">marina.silva@uabc.edu.mx<\/a><\/p>\n<p>&nbsp;<\/p>\n<p><strong>C.D.E.E. Dulce Martha Fuchen Ramos<\/strong><\/p>\n<p>Especialidad en Endodoncia UDG.<\/p>\n<p>L\u00ednea de investigaci\u00f3n: Biomateriales<\/p>\n<p>Correo electr\u00f3nico:\u00a0<a href=\"mailto:fuchend@uabc.edu.mx\">fuchend@uabc.edu.mx<\/a><\/p>\n<p>CA: Biomateriales<\/p>\n<p><strong>\u00a0<\/strong><\/p>\n<p><strong>C.D.E.P.M.F. Jes\u00fas Osorio R\u00edos<\/strong><\/p>\n<p>Especialidad en Protesis Maxilofacial UNAM.<\/p>\n<p>L\u00ednea de investigaci\u00f3n: Investigaci\u00f3n Cl\u00ednica<\/p>\n<p>Correo electr\u00f3nico:\u00a0<a href=\"mailto:jesus.osorio@uabc.edu.mx\">jesus.osorio@uabc.edu.mx<\/a><\/p>\n<p><strong>\u00a0<\/strong><\/p>\n<p><strong>C.D.E.P. Jes\u00fas Antonio Camacho Mondrag\u00f3n<\/strong><\/p>\n<p>Especialidad en Prostodoncia UDG.<\/p>\n<p>L\u00ednea de investigaci\u00f3n: Biomateriales<\/p>\n<p>Correo electr\u00f3nico:\u00a0<a href=\"mailto:jacamachom@uabc.edu.mx\">jacamachom@uabc.edu.mx<\/a><\/p>\n<\/div>\n<\/div>\n","protected":false},"excerpt":{"rendered":"<p>Investigadores Dr. Nicol\u00e1s Addiel Seraf\u00edn Higuera. Qu\u00edmico Bi\u00f3logo Parasit\u00f3logo, Facultad de Qu\u00edmica, Universidad Aut\u00f3noma de Guerrero. Maestr\u00eda en Ciencias en Gen\u00e9tica y Biolog\u00eda Molecular, CIVESTAV-IPN. Doctorado en Ciencias en Gen\u00e9tica y Biolog\u00eda Molecular, CINVESTAV-IPN. L\u00edneas de Investigaci\u00f3n: Estudio de inflamaci\u00f3n en c\u00e1ncer oral, Biomarcadores en patolog\u00eda bucal. correo electr\u00f3nico:\u00a0\u00a0nserafin@uabc.edu.mx CA: Biolog\u00eda celular y molecular \u00a0 [&hellip;]<\/p>\n","protected":false},"author":2,"featured_media":0,"parent":0,"menu_order":0,"comment_status":"closed","ping_status":"closed","template":"","meta":{"site-sidebar-layout":"default","site-content-layout":"default","ast-site-content-layout":"default","site-content-style":"default","site-sidebar-style":"default","ast-global-header-display":"","ast-banner-title-visibility":"","ast-main-header-display":"","ast-hfb-above-header-display":"","ast-hfb-below-header-display":"","ast-hfb-mobile-header-display":"","site-post-title":"","ast-breadcrumbs-content":"","ast-featured-img":"","footer-sml-layout":"","theme-transparent-header-meta":"default","adv-header-id-meta":"","stick-header-meta":"","header-above-stick-meta":"","header-main-stick-meta":"","header-below-stick-meta":"","astra-migrate-meta-layouts":"default","ast-page-background-enabled":"default","ast-page-background-meta":{"desktop":{"background-color":"","background-image":"","background-repeat":"repeat","background-position":"center center","background-size":"auto","background-attachment":"scroll","background-type":"","background-media":"","overlay-type":"","overlay-color":"","overlay-opacity":"","overlay-gradient":""},"tablet":{"background-color":"","background-image":"","background-repeat":"repeat","background-position":"center center","background-size":"auto","background-attachment":"scroll","background-type":"","background-media":"","overlay-type":"","overlay-color":"","overlay-opacity":"","overlay-gradient":""},"mobile":{"background-color":"","background-image":"","background-repeat":"repeat","background-position":"center center","background-size":"auto","background-attachment":"scroll","background-type":"","background-media":"","overlay-type":"","overlay-color":"","overlay-opacity":"","overlay-gradient":""}},"ast-content-background-meta":{"desktop":{"background-color":"var(--ast-global-color-5)","background-image":"","background-repeat":"repeat","background-position":"center center","background-size":"auto","background-attachment":"scroll","background-type":"","background-media":"","overlay-type":"","overlay-color":"","overlay-opacity":"","overlay-gradient":""},"tablet":{"background-color":"var(--ast-global-color-5)","background-image":"","background-repeat":"repeat","background-position":"center center","background-size":"auto","background-attachment":"scroll","background-type":"","background-media":"","overlay-type":"","overlay-color":"","overlay-opacity":"","overlay-gradient":""},"mobile":{"background-color":"var(--ast-global-color-5)","background-image":"","background-repeat":"repeat","background-position":"center center","background-size":"auto","background-attachment":"scroll","background-type":"","background-media":"","overlay-type":"","overlay-color":"","overlay-opacity":"","overlay-gradient":""}},"footnotes":""},"class_list":["post-1660","page","type-page","status-publish","hentry"],"yoast_head":"<!-- This site is optimized with the Yoast SEO plugin v26.5 - https:\/\/yoast.com\/wordpress\/plugins\/seo\/ -->\r\n<title>6. Investigadores - Facultad de Odontolog\u00eda Mexicali I Universidad Aut\u00f3noma de Baja California<\/title>\r\n<meta name=\"robots\" content=\"index, follow, max-snippet:-1, max-image-preview:large, max-video-preview:-1\" \/>\r\n<link rel=\"canonical\" href=\"https:\/\/odontologia.mxl.uabc.mx\/odo3\/6-investigadores\/\" \/>\r\n<meta property=\"og:locale\" content=\"es_ES\" \/>\r\n<meta property=\"og:type\" content=\"article\" \/>\r\n<meta property=\"og:title\" content=\"6. Investigadores - Facultad de Odontolog\u00eda Mexicali I Universidad Aut\u00f3noma de Baja California\" \/>\r\n<meta property=\"og:description\" content=\"Investigadores Dr. Nicol\u00e1s Addiel Seraf\u00edn Higuera. Qu\u00edmico Bi\u00f3logo Parasit\u00f3logo, Facultad de Qu\u00edmica, Universidad Aut\u00f3noma de Guerrero. Maestr\u00eda en Ciencias en Gen\u00e9tica y Biolog\u00eda Molecular, CIVESTAV-IPN. Doctorado en Ciencias en Gen\u00e9tica y Biolog\u00eda Molecular, CINVESTAV-IPN. L\u00edneas de Investigaci\u00f3n: Estudio de inflamaci\u00f3n en c\u00e1ncer oral, Biomarcadores en patolog\u00eda bucal. correo electr\u00f3nico:\u00a0\u00a0nserafin@uabc.edu.mx CA: Biolog\u00eda celular y molecular \u00a0 [&hellip;]\" \/>\r\n<meta property=\"og:url\" content=\"https:\/\/odontologia.mxl.uabc.mx\/odo3\/6-investigadores\/\" \/>\r\n<meta property=\"og:site_name\" content=\"Facultad de Odontolog\u00eda Mexicali I Universidad Aut\u00f3noma de Baja California\" \/>\r\n<meta property=\"article:publisher\" content=\"https:\/\/www.facebook.com\/facultadde.odontologiamexicali\" \/>\r\n<meta property=\"article:modified_time\" content=\"2024-06-28T19:31:23+00:00\" \/>\r\n<meta property=\"og:image\" content=\"https:\/\/odontologia.mxl.uabc.mx\/odo3\/wp-content\/uploads\/2025\/10\/NUEVO-LOGO-FOM-2025-1.png\" \/>\r\n\t<meta property=\"og:image:width\" content=\"1409\" \/>\r\n\t<meta property=\"og:image:height\" content=\"739\" \/>\r\n\t<meta property=\"og:image:type\" content=\"image\/png\" \/>\r\n<meta name=\"twitter:card\" content=\"summary_large_image\" \/>\r\n<meta name=\"twitter:label1\" content=\"Tiempo de lectura\" \/>\n\t<meta name=\"twitter:data1\" content=\"2 minutos\" \/>\r\n<script type=\"application\/ld+json\" class=\"yoast-schema-graph\">{\"@context\":\"https:\/\/schema.org\",\"@graph\":[{\"@type\":\"WebPage\",\"@id\":\"https:\/\/odontologia.mxl.uabc.mx\/odo3\/6-investigadores\/\",\"url\":\"https:\/\/odontologia.mxl.uabc.mx\/odo3\/6-investigadores\/\",\"name\":\"6. Investigadores - Facultad de Odontolog\u00eda Mexicali I Universidad Aut\u00f3noma de Baja California\",\"isPartOf\":{\"@id\":\"https:\/\/odontologia.mxl.uabc.mx\/odo3\/#website\"},\"datePublished\":\"2024-04-18T17:17:20+00:00\",\"dateModified\":\"2024-06-28T19:31:23+00:00\",\"breadcrumb\":{\"@id\":\"https:\/\/odontologia.mxl.uabc.mx\/odo3\/6-investigadores\/#breadcrumb\"},\"inLanguage\":\"es\",\"potentialAction\":[{\"@type\":\"ReadAction\",\"target\":[\"https:\/\/odontologia.mxl.uabc.mx\/odo3\/6-investigadores\/\"]}]},{\"@type\":\"BreadcrumbList\",\"@id\":\"https:\/\/odontologia.mxl.uabc.mx\/odo3\/6-investigadores\/#breadcrumb\",\"itemListElement\":[{\"@type\":\"ListItem\",\"position\":1,\"name\":\"Portada\",\"item\":\"https:\/\/odontologia.mxl.uabc.mx\/odo3\/\"},{\"@type\":\"ListItem\",\"position\":2,\"name\":\"6. Investigadores\"}]},{\"@type\":\"WebSite\",\"@id\":\"https:\/\/odontologia.mxl.uabc.mx\/odo3\/#website\",\"url\":\"https:\/\/odontologia.mxl.uabc.mx\/odo3\/\",\"name\":\"Facultad Odontolog\u00eda Mexicali UABC\",\"description\":\"Facultad de Odontolog\u00eda Mexicali I UABC\",\"publisher\":{\"@id\":\"https:\/\/odontologia.mxl.uabc.mx\/odo3\/#organization\"},\"potentialAction\":[{\"@type\":\"SearchAction\",\"target\":{\"@type\":\"EntryPoint\",\"urlTemplate\":\"https:\/\/odontologia.mxl.uabc.mx\/odo3\/?s={search_term_string}\"},\"query-input\":{\"@type\":\"PropertyValueSpecification\",\"valueRequired\":true,\"valueName\":\"search_term_string\"}}],\"inLanguage\":\"es\"},{\"@type\":\"Organization\",\"@id\":\"https:\/\/odontologia.mxl.uabc.mx\/odo3\/#organization\",\"name\":\"UABC Odontolog\u00eda\",\"url\":\"https:\/\/odontologia.mxl.uabc.mx\/odo3\/\",\"logo\":{\"@type\":\"ImageObject\",\"inLanguage\":\"es\",\"@id\":\"https:\/\/odontologia.mxl.uabc.mx\/odo3\/#\/schema\/logo\/image\/\",\"url\":\"https:\/\/odontologia.mxl.uabc.mx\/odo3\/wp-content\/uploads\/2021\/09\/NOMBRE-Y-LOGO-ua.png\",\"contentUrl\":\"https:\/\/odontologia.mxl.uabc.mx\/odo3\/wp-content\/uploads\/2021\/09\/NOMBRE-Y-LOGO-ua.png\",\"width\":401,\"height\":142,\"caption\":\"UABC Odontolog\u00eda\"},\"image\":{\"@id\":\"https:\/\/odontologia.mxl.uabc.mx\/odo3\/#\/schema\/logo\/image\/\"},\"sameAs\":[\"https:\/\/www.facebook.com\/facultadde.odontologiamexicali\"]}]}<\/script>\r\n<!-- \/ Yoast SEO plugin. -->","yoast_head_json":{"title":"6. Investigadores - Facultad de Odontolog\u00eda Mexicali I Universidad Aut\u00f3noma de Baja California","robots":{"index":"index","follow":"follow","max-snippet":"max-snippet:-1","max-image-preview":"max-image-preview:large","max-video-preview":"max-video-preview:-1"},"canonical":"https:\/\/odontologia.mxl.uabc.mx\/odo3\/6-investigadores\/","og_locale":"es_ES","og_type":"article","og_title":"6. Investigadores - Facultad de Odontolog\u00eda Mexicali I Universidad Aut\u00f3noma de Baja California","og_description":"Investigadores Dr. Nicol\u00e1s Addiel Seraf\u00edn Higuera. Qu\u00edmico Bi\u00f3logo Parasit\u00f3logo, Facultad de Qu\u00edmica, Universidad Aut\u00f3noma de Guerrero. Maestr\u00eda en Ciencias en Gen\u00e9tica y Biolog\u00eda Molecular, CIVESTAV-IPN. Doctorado en Ciencias en Gen\u00e9tica y Biolog\u00eda Molecular, CINVESTAV-IPN. L\u00edneas de Investigaci\u00f3n: Estudio de inflamaci\u00f3n en c\u00e1ncer oral, Biomarcadores en patolog\u00eda bucal. correo electr\u00f3nico:\u00a0\u00a0nserafin@uabc.edu.mx CA: Biolog\u00eda celular y molecular \u00a0 [&hellip;]","og_url":"https:\/\/odontologia.mxl.uabc.mx\/odo3\/6-investigadores\/","og_site_name":"Facultad de Odontolog\u00eda Mexicali I Universidad Aut\u00f3noma de Baja California","article_publisher":"https:\/\/www.facebook.com\/facultadde.odontologiamexicali","article_modified_time":"2024-06-28T19:31:23+00:00","og_image":[{"width":1409,"height":739,"url":"https:\/\/odontologia.mxl.uabc.mx\/odo3\/wp-content\/uploads\/2025\/10\/NUEVO-LOGO-FOM-2025-1.png","type":"image\/png"}],"twitter_card":"summary_large_image","twitter_misc":{"Tiempo de lectura":"2 minutos"},"schema":{"@context":"https:\/\/schema.org","@graph":[{"@type":"WebPage","@id":"https:\/\/odontologia.mxl.uabc.mx\/odo3\/6-investigadores\/","url":"https:\/\/odontologia.mxl.uabc.mx\/odo3\/6-investigadores\/","name":"6. Investigadores - Facultad de Odontolog\u00eda Mexicali I Universidad Aut\u00f3noma de Baja California","isPartOf":{"@id":"https:\/\/odontologia.mxl.uabc.mx\/odo3\/#website"},"datePublished":"2024-04-18T17:17:20+00:00","dateModified":"2024-06-28T19:31:23+00:00","breadcrumb":{"@id":"https:\/\/odontologia.mxl.uabc.mx\/odo3\/6-investigadores\/#breadcrumb"},"inLanguage":"es","potentialAction":[{"@type":"ReadAction","target":["https:\/\/odontologia.mxl.uabc.mx\/odo3\/6-investigadores\/"]}]},{"@type":"BreadcrumbList","@id":"https:\/\/odontologia.mxl.uabc.mx\/odo3\/6-investigadores\/#breadcrumb","itemListElement":[{"@type":"ListItem","position":1,"name":"Portada","item":"https:\/\/odontologia.mxl.uabc.mx\/odo3\/"},{"@type":"ListItem","position":2,"name":"6. Investigadores"}]},{"@type":"WebSite","@id":"https:\/\/odontologia.mxl.uabc.mx\/odo3\/#website","url":"https:\/\/odontologia.mxl.uabc.mx\/odo3\/","name":"Facultad Odontolog\u00eda Mexicali UABC","description":"Facultad de Odontolog\u00eda Mexicali I UABC","publisher":{"@id":"https:\/\/odontologia.mxl.uabc.mx\/odo3\/#organization"},"potentialAction":[{"@type":"SearchAction","target":{"@type":"EntryPoint","urlTemplate":"https:\/\/odontologia.mxl.uabc.mx\/odo3\/?s={search_term_string}"},"query-input":{"@type":"PropertyValueSpecification","valueRequired":true,"valueName":"search_term_string"}}],"inLanguage":"es"},{"@type":"Organization","@id":"https:\/\/odontologia.mxl.uabc.mx\/odo3\/#organization","name":"UABC Odontolog\u00eda","url":"https:\/\/odontologia.mxl.uabc.mx\/odo3\/","logo":{"@type":"ImageObject","inLanguage":"es","@id":"https:\/\/odontologia.mxl.uabc.mx\/odo3\/#\/schema\/logo\/image\/","url":"https:\/\/odontologia.mxl.uabc.mx\/odo3\/wp-content\/uploads\/2021\/09\/NOMBRE-Y-LOGO-ua.png","contentUrl":"https:\/\/odontologia.mxl.uabc.mx\/odo3\/wp-content\/uploads\/2021\/09\/NOMBRE-Y-LOGO-ua.png","width":401,"height":142,"caption":"UABC Odontolog\u00eda"},"image":{"@id":"https:\/\/odontologia.mxl.uabc.mx\/odo3\/#\/schema\/logo\/image\/"},"sameAs":["https:\/\/www.facebook.com\/facultadde.odontologiamexicali"]}]}},"_links":{"self":[{"href":"https:\/\/odontologia.mxl.uabc.mx\/odo3\/wp-json\/wp\/v2\/pages\/1660","targetHints":{"allow":["GET"]}}],"collection":[{"href":"https:\/\/odontologia.mxl.uabc.mx\/odo3\/wp-json\/wp\/v2\/pages"}],"about":[{"href":"https:\/\/odontologia.mxl.uabc.mx\/odo3\/wp-json\/wp\/v2\/types\/page"}],"author":[{"embeddable":true,"href":"https:\/\/odontologia.mxl.uabc.mx\/odo3\/wp-json\/wp\/v2\/users\/2"}],"replies":[{"embeddable":true,"href":"https:\/\/odontologia.mxl.uabc.mx\/odo3\/wp-json\/wp\/v2\/comments?post=1660"}],"version-history":[{"count":0,"href":"https:\/\/odontologia.mxl.uabc.mx\/odo3\/wp-json\/wp\/v2\/pages\/1660\/revisions"}],"wp:attachment":[{"href":"https:\/\/odontologia.mxl.uabc.mx\/odo3\/wp-json\/wp\/v2\/media?parent=1660"}],"curies":[{"name":"wp","href":"https:\/\/api.w.org\/{rel}","templated":true}]}}