{"id":1634,"date":"2024-04-15T22:07:46","date_gmt":"2024-04-15T22:07:46","guid":{"rendered":"http:\/\/localhost\/odo3\/?page_id=1634"},"modified":"2025-08-22T15:23:45","modified_gmt":"2025-08-22T15:23:45","slug":"5-especialidad-en-prostodoncia","status":"publish","type":"page","link":"https:\/\/odontologia.mxl.uabc.mx\/odo3\/5-especialidad-en-prostodoncia\/","title":{"rendered":"5. Especialidad en Prostodoncia"},"content":{"rendered":"<p><img fetchpriority=\"high\" decoding=\"async\" class=\"wp-image-2491 aligncenter\" src=\"https:\/\/odontologia.mxl.uabc.mx\/odo3\/wp-content\/uploads\/2025\/08\/prostodoncia-300x84.png\" alt=\"\" width=\"624\" height=\"175\" srcset=\"https:\/\/odontologia.mxl.uabc.mx\/odo3\/wp-content\/uploads\/2025\/08\/prostodoncia-300x84.png 300w, https:\/\/odontologia.mxl.uabc.mx\/odo3\/wp-content\/uploads\/2025\/08\/prostodoncia-1024x288.png 1024w, https:\/\/odontologia.mxl.uabc.mx\/odo3\/wp-content\/uploads\/2025\/08\/prostodoncia-768x216.png 768w, https:\/\/odontologia.mxl.uabc.mx\/odo3\/wp-content\/uploads\/2025\/08\/prostodoncia-1536x432.png 1536w, https:\/\/odontologia.mxl.uabc.mx\/odo3\/wp-content\/uploads\/2025\/08\/prostodoncia.png 1920w\" sizes=\"(max-width: 624px) 100vw, 624px\" \/><\/p>\n<h4 style=\"text-align: center;\"><strong>Datos del programa<\/strong><\/h4>\n<ul>\n<li><strong>Perfil\u00a0 de egreso<\/strong><a href=\"https:\/\/odontologia.mxl.uabc.mx\/odo3\/wp-content\/uploads\/2024\/08\/WEB-PERFIL-DE-EGRESO-prosto.pdf\" class=\"pdfemb-viewer\" style=\"\" data-width=\"max\" data-height=\"max\" data-toolbar=\"bottom\" data-toolbar-fixed=\"off\">WEB-PERFIL-DE-EGRESO prosto<\/a><\/li>\n<\/ul>\n<p><strong>REQUISITOS DE PERMANENCIA, EGRESO Y GRADUACI\u00d3N.<\/strong><\/p>\n<p><strong>\u00a0<\/strong><\/p>\n<p><strong>Requisitos de Permanencia:<\/strong><\/p>\n<ul>\n<li>Aprobar, con una calificaci\u00f3n m\u00ednima de 70 (setenta), todas y cada una de las unidades de aprendizaje que conforman el Plan de Estudios.<\/li>\n<li>Mantener, a partir del segundo semestre, un promedio ponderado de 80.<\/li>\n<li>S\u00f3lo se permitir\u00e1n 2 ex\u00e1menes especiales durante la especialidad.<\/li>\n<li>Cumplir con los lineamientos de disciplina y procedimientos que establece el Reglamento Interno de la Facultad y la normatividad universitaria.<\/li>\n<li>Cumplir con el promedio ponderado establecido en el Estatuto Escolar y el Reglamento General de Estudios de Posgrado de la U.A.B.C.<\/li>\n<li>Asistir y participar en los eventos acad\u00e9micos que se programen durante el semestre en el \u00e1rea de Prostodoncia, representando dignamente a la unidad acad\u00e9mica y la universidad.<\/li>\n<\/ul>\n<p>&nbsp;<\/p>\n<p><strong>Requisitos de Egreso:<\/strong><\/p>\n<ul>\n<li>Aprobar la totalidad de los cr\u00e9ditos estipulados en el plan de estudios de la Especialidad.<\/li>\n<li>Cumplir con los requisitos, acad\u00e9micos y administrativos, que se establezcan durante el desarrollo del Programa para el tratamiento y atenci\u00f3n de pacientes.<\/li>\n<li>Cumplir con los requisitos establecidos en el Estatuto Escolar y el Reglamento General de Estudios de Posgrado de la UABC.<\/li>\n<\/ul>\n<p>&nbsp;<\/p>\n<p><strong>Requisitos para la obtenci\u00f3n del Diploma de Especialidad.<\/strong><\/p>\n<p>&nbsp;<\/p>\n<p><strong>Cr\u00e9ditos:<\/strong><\/p>\n<p>Para la obtenci\u00f3n del Diploma de Especialidad, el alumno deber\u00e1 cubrir el m\u00ednimo de cr\u00e9ditos obligatorios y optativos se\u00f1alados en el registro del Plan de Estudios. El m\u00ednimo es de 176 cr\u00e9ditos totales, distribuidos de la siguiente manera: 144 cr\u00e9ditos de unidades de aprendizaje obligatorias y un m\u00ednimo de 32 cr\u00e9ditos de unidades de aprendizaje optativas y de otros cursos.<\/p>\n<p>Para el c\u00e1lculo de los cr\u00e9ditos se tom\u00f3 en cuenta lo estipulado en la normatividad institucional de la UABC, en especial el Estatuto Escolar, as\u00ed como los criterios nacionales que orientan los tiempos de dedicaci\u00f3n por parte de los alumnos en los programas de especialidad de las Ciencias de la Salud en nuestro pa\u00eds.<\/p>\n<p>&nbsp;<\/p>\n<ul>\n<li><strong>Perfil de ingreso<\/strong><br \/>\n<a href=\"https:\/\/odontologia.mxl.uabc.mx\/odo3\/wp-content\/uploads\/2024\/08\/PERFIL-DE-INGRESO-prosto-.pdf\" class=\"pdfemb-viewer\" style=\"\" data-width=\"max\" data-height=\"max\" data-toolbar=\"bottom\" data-toolbar-fixed=\"off\">PERFIL-DE-INGRESO prosto<\/a><\/li>\n<\/ul>\n<p>&nbsp;<\/p>\n<ol>\n<li><strong>PROCESO DE ADMISI\u00d3N:<\/strong><\/li>\n<\/ol>\n<p>1.-<a href=\"http:\/\/odontologia.mxl.uabc.mx\/odontologia\/web\/wp-content\/uploads\/2016\/12\/solicitud-2017.doc\">\u00a0Solicitud de ingreso al programa.\u00a0<\/a><\/p>\n<a href=\"https:\/\/odontologia.mxl.uabc.mx\/odo3\/wp-content\/uploads\/2024\/08\/request-prosto.pdf\" class=\"pdfemb-viewer\" style=\"\" data-width=\"max\" data-height=\"max\" data-toolbar=\"bottom\" data-toolbar-fixed=\"off\">request prosto<\/a>\n<p>2.- Curr\u00edculum Vitae (documentos comprobatorios).<\/p>\n<p>3.- Promedio general de 8.0.<\/p>\n<p>4.- Pagos requeridos por la unidad acad\u00e9mica.<\/p>\n<p>5.- Carta de recomendaci\u00f3n acad\u00e9mica.<\/p>\n<p>6.- Exposici\u00f3n oral y escrita de motivos de ingreso.<\/p>\n<p>7.- Aprobar el curso proped\u00e9utico.<br \/>\n8.- Cumplir con los requisitos en los tiempos programados.<\/p>\n<p>&nbsp;<\/p>\n<ol>\n<li><strong>REQUISITO DE PERMANENCIA:<\/strong><\/li>\n<\/ol>\n<p>1.- Los contemplados por los reglamento de la UABC.<\/p>\n<p>2.- Participar en el Congreso Nacional de Especialidades, con ponencia y de manera Internacional del \u00e1rea.<\/p>\n<p>3.- Aprobar la totalidad de los cr\u00e9ditos acad\u00e9micos y cl\u00ednicos del semestre anterior.<\/p>\n<p>4.- S\u00f3lo se permitir\u00e1n 2 ex\u00e1menes especiales por programa.<\/p>\n<p>5.- Participar en actividades acad\u00e9micas solicitadas por el programa de especialidades.<\/p>\n<p>6.- Cumplir con los lineamientos de disciplina y presentaci\u00f3n que establece cada una de las especialidades.<\/p>\n<p>&nbsp;<\/p>\n<ul>\n<li><strong>Objetivo de la especialidad de prostodoncia<\/strong><br \/>\n<a href=\"https:\/\/odontologia.mxl.uabc.mx\/odo3\/wp-content\/uploads\/2024\/08\/WEB-OBJETIVOS-prosto-.pdf\" class=\"pdfemb-viewer\" style=\"\" data-width=\"max\" data-height=\"max\" data-toolbar=\"bottom\" data-toolbar-fixed=\"off\">WEB-OBJETIVOS prosto<\/a><\/li>\n<\/ul>\n<h4 style=\"text-align: center;\">Estructura del plan de estudios<\/h4>\n<ul>\n<li><strong>Plan de estudios<\/strong><br \/>\n<a href=\"https:\/\/odontologia.mxl.uabc.mx\/odo3\/wp-content\/uploads\/2024\/08\/plan-de-estudios-Prostodoncia-1-1.pdf\" class=\"pdfemb-viewer\" style=\"\" data-width=\"max\" data-height=\"max\" data-toolbar=\"bottom\" data-toolbar-fixed=\"off\">plan-de-estudios-Prostodoncia-1<\/a><\/li>\n<\/ul>\n<p>&nbsp;<\/p>\n<ul>\n<li><strong>Mapa Curricular<\/strong><br \/>\n<a href=\"https:\/\/odontologia.mxl.uabc.mx\/odo3\/wp-content\/uploads\/2024\/08\/WEB-MAPA-CURRICULAR.pdf\" class=\"pdfemb-viewer\" style=\"\" data-width=\"max\" data-height=\"max\" data-toolbar=\"bottom\" data-toolbar-fixed=\"off\">WEB-MAPA-CURRICULAR<\/a><\/li>\n<\/ul>\n<p>&nbsp;<\/p>\n<ul>\n<li><strong>Alumnos por generaciones<\/strong><br \/>\n<a href=\"https:\/\/odontologia.mxl.uabc.mx\/odo3\/wp-content\/uploads\/2024\/08\/generaciones-123456-prosto-.pdf\" class=\"pdfemb-viewer\" style=\"\" data-width=\"max\" data-height=\"max\" data-toolbar=\"bottom\" data-toolbar-fixed=\"off\">generaciones-123456 prosto<\/a><\/li>\n<\/ul>\n<p>&nbsp;<\/p>\n<ul>\n<li><strong>Movilidad estudiantil<\/strong><br \/>\n<a href=\"https:\/\/odontologia.mxl.uabc.mx\/odo3\/wp-content\/uploads\/2024\/08\/MOVILIDA-2-prosto-.pdf\" class=\"pdfemb-viewer\" style=\"\" data-width=\"max\" data-height=\"max\" data-toolbar=\"bottom\" data-toolbar-fixed=\"off\">MOVILIDA-2 prosto<\/a><\/li>\n<\/ul>\n<p>&nbsp;<\/p>\n<ul>\n<li><strong>Planta N\u00facleo<\/strong><br \/>\n<a href=\"https:\/\/odontologia.mxl.uabc.mx\/odo3\/wp-content\/uploads\/2024\/08\/NUCLEO-ACADEMICO-2-prosto-.pdf\" class=\"pdfemb-viewer\" style=\"\" data-width=\"max\" data-height=\"max\" data-toolbar=\"bottom\" data-toolbar-fixed=\"off\">NUCLEO-ACADEMICO-2 prosto<\/a><\/li>\n<\/ul>\n<p>&nbsp;<\/p>\n<ul>\n<li><strong>Planta docente<\/strong><br \/>\n<a href=\"https:\/\/odontologia.mxl.uabc.mx\/odo3\/wp-content\/uploads\/2024\/08\/PLANTA-DOCENTE1-prosto.pdf\" class=\"pdfemb-viewer\" style=\"\" data-width=\"max\" data-height=\"max\" data-toolbar=\"bottom\" data-toolbar-fixed=\"off\">PLANTA-DOCENTE1 prosto<\/a><\/li>\n<\/ul>\n<p>&nbsp;<\/p>\n<ul>\n<li><strong>L\u00edneas de aplicaci\u00f3n y generaci\u00f3n de conocimiento<\/strong><br \/>\n<a href=\"https:\/\/odontologia.mxl.uabc.mx\/odo3\/wp-content\/uploads\/2024\/08\/f-lineas-generacion-prosto-.pdf\" class=\"pdfemb-viewer\" style=\"\" data-width=\"max\" data-height=\"max\" data-toolbar=\"bottom\" data-toolbar-fixed=\"off\">f-lineas-generacion prosto<\/a><\/li>\n<\/ul>\n<p style=\"text-align: center;\"><strong>Relaci\u00f3n de directores de tesis y\/o trabajo terminal<\/strong><\/p>\n<ul>\n<li><strong>Reporte de tesis 4ta generaci\u00f3n<\/strong><br \/>\n<a href=\"https:\/\/odontologia.mxl.uabc.mx\/odo3\/wp-content\/uploads\/2024\/08\/plan-de-estudios-Prostodoncia-1-1.pdf\" class=\"pdfemb-viewer\" style=\"\" data-width=\"max\" data-height=\"max\" data-toolbar=\"bottom\" data-toolbar-fixed=\"off\">plan-de-estudios-Prostodoncia-1<\/a><\/li>\n<\/ul>\n<p>&nbsp;<\/p>\n<ul>\n<li><strong>Reporte de tesis 5ta generaci\u00f3n<\/strong><br \/>\n<a href=\"https:\/\/odontologia.mxl.uabc.mx\/odo3\/wp-content\/uploads\/2024\/08\/REPORTE-DE-TESIS-5TA.-porsto-pdf.pdf\" class=\"pdfemb-viewer\" style=\"\" data-width=\"max\" data-height=\"max\" data-toolbar=\"bottom\" data-toolbar-fixed=\"off\">REPORTE-DE-TESIS-5TA.. porsto pdf<\/a><\/li>\n<\/ul>\n<p>&nbsp;<\/p>\n<ul>\n<li><strong>Productividad acad\u00e9mica<\/strong><br \/>\n<a href=\"https:\/\/odontologia.mxl.uabc.mx\/odo3\/wp-content\/uploads\/2024\/08\/productividad-academica-prosto-.pdf\" class=\"pdfemb-viewer\" style=\"\" data-width=\"max\" data-height=\"max\" data-toolbar=\"bottom\" data-toolbar-fixed=\"off\">productividad-academica prosto<\/a><\/li>\n<\/ul>\n<ul>\n<li><strong>Colaboraci\u00f3n en otros sectores de la sociedad<\/strong><br \/>\n<a href=\"https:\/\/odontologia.mxl.uabc.mx\/odo3\/wp-content\/uploads\/2024\/08\/VINCULACION-2-prosto-.pdf\" class=\"pdfemb-viewer\" style=\"\" data-width=\"max\" data-height=\"max\" data-toolbar=\"bottom\" data-toolbar-fixed=\"off\">VINCULACION-2 prosto<\/a><\/li>\n<\/ul>\n<p>&nbsp;<\/p>\n<ul>\n<li><strong>Proceso administrativo<\/strong><br \/>\n<a href=\"https:\/\/odontologia.mxl.uabc.mx\/odo3\/wp-content\/uploads\/2024\/08\/VINCULACION-2-prosto-.pdf\" class=\"pdfemb-viewer\" style=\"\" data-width=\"max\" data-height=\"max\" data-toolbar=\"bottom\" data-toolbar-fixed=\"off\">VINCULACION-2 prosto<\/a><\/li>\n<\/ul>\n","protected":false},"excerpt":{"rendered":"<p>Datos del programa Perfil\u00a0 de egreso REQUISITOS DE PERMANENCIA, EGRESO Y GRADUACI\u00d3N. \u00a0 Requisitos de Permanencia: Aprobar, con una calificaci\u00f3n m\u00ednima de 70 (setenta), todas y cada una de las unidades de aprendizaje que conforman el Plan de Estudios. Mantener, a partir del segundo semestre, un promedio ponderado de 80. S\u00f3lo se permitir\u00e1n 2 ex\u00e1menes [&hellip;]<\/p>\n","protected":false},"author":2,"featured_media":0,"parent":0,"menu_order":0,"comment_status":"closed","ping_status":"closed","template":"","meta":{"site-sidebar-layout":"default","site-content-layout":"default","ast-site-content-layout":"default","site-content-style":"default","site-sidebar-style":"default","ast-global-header-display":"","ast-banner-title-visibility":"","ast-main-header-display":"","ast-hfb-above-header-display":"","ast-hfb-below-header-display":"","ast-hfb-mobile-header-display":"","site-post-title":"","ast-breadcrumbs-content":"","ast-featured-img":"","footer-sml-layout":"","theme-transparent-header-meta":"default","adv-header-id-meta":"","stick-header-meta":"","header-above-stick-meta":"","header-main-stick-meta":"","header-below-stick-meta":"","astra-migrate-meta-layouts":"set","ast-page-background-enabled":"default","ast-page-background-meta":{"desktop":{"background-color":"","background-image":"","background-repeat":"repeat","background-position":"center center","background-size":"auto","background-attachment":"scroll","background-type":"","background-media":"","overlay-type":"","overlay-color":"","overlay-opacity":"","overlay-gradient":""},"tablet":{"background-color":"","background-image":"","background-repeat":"repeat","background-position":"center center","background-size":"auto","background-attachment":"scroll","background-type":"","background-media":"","overlay-type":"","overlay-color":"","overlay-opacity":"","overlay-gradient":""},"mobile":{"background-color":"","background-image":"","background-repeat":"repeat","background-position":"center center","background-size":"auto","background-attachment":"scroll","background-type":"","background-media":"","overlay-type":"","overlay-color":"","overlay-opacity":"","overlay-gradient":""}},"ast-content-background-meta":{"desktop":{"background-color":"var(--ast-global-color-5)","background-image":"","background-repeat":"repeat","background-position":"center center","background-size":"auto","background-attachment":"scroll","background-type":"","background-media":"","overlay-type":"","overlay-color":"","overlay-opacity":"","overlay-gradient":""},"tablet":{"background-color":"var(--ast-global-color-5)","background-image":"","background-repeat":"repeat","background-position":"center center","background-size":"auto","background-attachment":"scroll","background-type":"","background-media":"","overlay-type":"","overlay-color":"","overlay-opacity":"","overlay-gradient":""},"mobile":{"background-color":"var(--ast-global-color-5)","background-image":"","background-repeat":"repeat","background-position":"center center","background-size":"auto","background-attachment":"scroll","background-type":"","background-media":"","overlay-type":"","overlay-color":"","overlay-opacity":"","overlay-gradient":""}},"footnotes":""},"class_list":["post-1634","page","type-page","status-publish","hentry"],"yoast_head":"<!-- This site is optimized with the Yoast SEO plugin v26.5 - https:\/\/yoast.com\/wordpress\/plugins\/seo\/ -->\r\n<title>5. Especialidad en Prostodoncia - Facultad de Odontolog\u00eda Mexicali I Universidad Aut\u00f3noma de Baja California<\/title>\r\n<meta name=\"robots\" content=\"index, follow, max-snippet:-1, max-image-preview:large, max-video-preview:-1\" \/>\r\n<link rel=\"canonical\" href=\"https:\/\/odontologia.mxl.uabc.mx\/odo3\/5-especialidad-en-prostodoncia\/\" \/>\r\n<meta property=\"og:locale\" content=\"es_ES\" \/>\r\n<meta property=\"og:type\" content=\"article\" \/>\r\n<meta property=\"og:title\" content=\"5. Especialidad en Prostodoncia - Facultad de Odontolog\u00eda Mexicali I Universidad Aut\u00f3noma de Baja California\" \/>\r\n<meta property=\"og:description\" content=\"Datos del programa Perfil\u00a0 de egreso REQUISITOS DE PERMANENCIA, EGRESO Y GRADUACI\u00d3N. \u00a0 Requisitos de Permanencia: Aprobar, con una calificaci\u00f3n m\u00ednima de 70 (setenta), todas y cada una de las unidades de aprendizaje que conforman el Plan de Estudios. Mantener, a partir del segundo semestre, un promedio ponderado de 80. S\u00f3lo se permitir\u00e1n 2 ex\u00e1menes [&hellip;]\" \/>\r\n<meta property=\"og:url\" content=\"https:\/\/odontologia.mxl.uabc.mx\/odo3\/5-especialidad-en-prostodoncia\/\" \/>\r\n<meta property=\"og:site_name\" content=\"Facultad de Odontolog\u00eda Mexicali I Universidad Aut\u00f3noma de Baja California\" \/>\r\n<meta property=\"article:publisher\" content=\"https:\/\/www.facebook.com\/facultadde.odontologiamexicali\" \/>\r\n<meta property=\"article:modified_time\" content=\"2025-08-22T15:23:45+00:00\" \/>\r\n<meta property=\"og:image\" content=\"http:\/\/odontologia.mxl.uabc.mx\/odontologia\/web\/wp-content\/uploads\/2015\/09\/prostook-629x240.jpg\" \/>\r\n<meta name=\"twitter:card\" content=\"summary_large_image\" \/>\r\n<meta name=\"twitter:label1\" content=\"Tiempo de lectura\" \/>\n\t<meta name=\"twitter:data1\" content=\"4 minutos\" \/>\r\n<script type=\"application\/ld+json\" class=\"yoast-schema-graph\">{\"@context\":\"https:\/\/schema.org\",\"@graph\":[{\"@type\":\"WebPage\",\"@id\":\"https:\/\/odontologia.mxl.uabc.mx\/odo3\/5-especialidad-en-prostodoncia\/\",\"url\":\"https:\/\/odontologia.mxl.uabc.mx\/odo3\/5-especialidad-en-prostodoncia\/\",\"name\":\"5. Especialidad en Prostodoncia - Facultad de Odontolog\u00eda Mexicali I Universidad Aut\u00f3noma de Baja California\",\"isPartOf\":{\"@id\":\"https:\/\/odontologia.mxl.uabc.mx\/odo3\/#website\"},\"primaryImageOfPage\":{\"@id\":\"https:\/\/odontologia.mxl.uabc.mx\/odo3\/5-especialidad-en-prostodoncia\/#primaryimage\"},\"image\":{\"@id\":\"https:\/\/odontologia.mxl.uabc.mx\/odo3\/5-especialidad-en-prostodoncia\/#primaryimage\"},\"thumbnailUrl\":\"https:\/\/odontologia.mxl.uabc.mx\/odo3\/wp-content\/uploads\/2025\/08\/prostodoncia-300x84.png\",\"datePublished\":\"2024-04-15T22:07:46+00:00\",\"dateModified\":\"2025-08-22T15:23:45+00:00\",\"breadcrumb\":{\"@id\":\"https:\/\/odontologia.mxl.uabc.mx\/odo3\/5-especialidad-en-prostodoncia\/#breadcrumb\"},\"inLanguage\":\"es\",\"potentialAction\":[{\"@type\":\"ReadAction\",\"target\":[\"https:\/\/odontologia.mxl.uabc.mx\/odo3\/5-especialidad-en-prostodoncia\/\"]}]},{\"@type\":\"ImageObject\",\"inLanguage\":\"es\",\"@id\":\"https:\/\/odontologia.mxl.uabc.mx\/odo3\/5-especialidad-en-prostodoncia\/#primaryimage\",\"url\":\"https:\/\/odontologia.mxl.uabc.mx\/odo3\/wp-content\/uploads\/2025\/08\/prostodoncia.png\",\"contentUrl\":\"https:\/\/odontologia.mxl.uabc.mx\/odo3\/wp-content\/uploads\/2025\/08\/prostodoncia.png\",\"width\":1920,\"height\":540},{\"@type\":\"BreadcrumbList\",\"@id\":\"https:\/\/odontologia.mxl.uabc.mx\/odo3\/5-especialidad-en-prostodoncia\/#breadcrumb\",\"itemListElement\":[{\"@type\":\"ListItem\",\"position\":1,\"name\":\"Portada\",\"item\":\"https:\/\/odontologia.mxl.uabc.mx\/odo3\/\"},{\"@type\":\"ListItem\",\"position\":2,\"name\":\"5. Especialidad en Prostodoncia\"}]},{\"@type\":\"WebSite\",\"@id\":\"https:\/\/odontologia.mxl.uabc.mx\/odo3\/#website\",\"url\":\"https:\/\/odontologia.mxl.uabc.mx\/odo3\/\",\"name\":\"Facultad Odontolog\u00eda Mexicali UABC\",\"description\":\"Facultad de Odontolog\u00eda Mexicali I UABC\",\"publisher\":{\"@id\":\"https:\/\/odontologia.mxl.uabc.mx\/odo3\/#organization\"},\"potentialAction\":[{\"@type\":\"SearchAction\",\"target\":{\"@type\":\"EntryPoint\",\"urlTemplate\":\"https:\/\/odontologia.mxl.uabc.mx\/odo3\/?s={search_term_string}\"},\"query-input\":{\"@type\":\"PropertyValueSpecification\",\"valueRequired\":true,\"valueName\":\"search_term_string\"}}],\"inLanguage\":\"es\"},{\"@type\":\"Organization\",\"@id\":\"https:\/\/odontologia.mxl.uabc.mx\/odo3\/#organization\",\"name\":\"UABC Odontolog\u00eda\",\"url\":\"https:\/\/odontologia.mxl.uabc.mx\/odo3\/\",\"logo\":{\"@type\":\"ImageObject\",\"inLanguage\":\"es\",\"@id\":\"https:\/\/odontologia.mxl.uabc.mx\/odo3\/#\/schema\/logo\/image\/\",\"url\":\"https:\/\/odontologia.mxl.uabc.mx\/odo3\/wp-content\/uploads\/2021\/09\/NOMBRE-Y-LOGO-ua.png\",\"contentUrl\":\"https:\/\/odontologia.mxl.uabc.mx\/odo3\/wp-content\/uploads\/2021\/09\/NOMBRE-Y-LOGO-ua.png\",\"width\":401,\"height\":142,\"caption\":\"UABC Odontolog\u00eda\"},\"image\":{\"@id\":\"https:\/\/odontologia.mxl.uabc.mx\/odo3\/#\/schema\/logo\/image\/\"},\"sameAs\":[\"https:\/\/www.facebook.com\/facultadde.odontologiamexicali\"]}]}<\/script>\r\n<!-- \/ Yoast SEO plugin. -->","yoast_head_json":{"title":"5. Especialidad en Prostodoncia - Facultad de Odontolog\u00eda Mexicali I Universidad Aut\u00f3noma de Baja California","robots":{"index":"index","follow":"follow","max-snippet":"max-snippet:-1","max-image-preview":"max-image-preview:large","max-video-preview":"max-video-preview:-1"},"canonical":"https:\/\/odontologia.mxl.uabc.mx\/odo3\/5-especialidad-en-prostodoncia\/","og_locale":"es_ES","og_type":"article","og_title":"5. Especialidad en Prostodoncia - Facultad de Odontolog\u00eda Mexicali I Universidad Aut\u00f3noma de Baja California","og_description":"Datos del programa Perfil\u00a0 de egreso REQUISITOS DE PERMANENCIA, EGRESO Y GRADUACI\u00d3N. \u00a0 Requisitos de Permanencia: Aprobar, con una calificaci\u00f3n m\u00ednima de 70 (setenta), todas y cada una de las unidades de aprendizaje que conforman el Plan de Estudios. Mantener, a partir del segundo semestre, un promedio ponderado de 80. S\u00f3lo se permitir\u00e1n 2 ex\u00e1menes [&hellip;]","og_url":"https:\/\/odontologia.mxl.uabc.mx\/odo3\/5-especialidad-en-prostodoncia\/","og_site_name":"Facultad de Odontolog\u00eda Mexicali I Universidad Aut\u00f3noma de Baja California","article_publisher":"https:\/\/www.facebook.com\/facultadde.odontologiamexicali","article_modified_time":"2025-08-22T15:23:45+00:00","og_image":[{"url":"http:\/\/odontologia.mxl.uabc.mx\/odontologia\/web\/wp-content\/uploads\/2015\/09\/prostook-629x240.jpg","type":"","width":"","height":""}],"twitter_card":"summary_large_image","twitter_misc":{"Tiempo de lectura":"4 minutos"},"schema":{"@context":"https:\/\/schema.org","@graph":[{"@type":"WebPage","@id":"https:\/\/odontologia.mxl.uabc.mx\/odo3\/5-especialidad-en-prostodoncia\/","url":"https:\/\/odontologia.mxl.uabc.mx\/odo3\/5-especialidad-en-prostodoncia\/","name":"5. Especialidad en Prostodoncia - Facultad de Odontolog\u00eda Mexicali I Universidad Aut\u00f3noma de Baja California","isPartOf":{"@id":"https:\/\/odontologia.mxl.uabc.mx\/odo3\/#website"},"primaryImageOfPage":{"@id":"https:\/\/odontologia.mxl.uabc.mx\/odo3\/5-especialidad-en-prostodoncia\/#primaryimage"},"image":{"@id":"https:\/\/odontologia.mxl.uabc.mx\/odo3\/5-especialidad-en-prostodoncia\/#primaryimage"},"thumbnailUrl":"https:\/\/odontologia.mxl.uabc.mx\/odo3\/wp-content\/uploads\/2025\/08\/prostodoncia-300x84.png","datePublished":"2024-04-15T22:07:46+00:00","dateModified":"2025-08-22T15:23:45+00:00","breadcrumb":{"@id":"https:\/\/odontologia.mxl.uabc.mx\/odo3\/5-especialidad-en-prostodoncia\/#breadcrumb"},"inLanguage":"es","potentialAction":[{"@type":"ReadAction","target":["https:\/\/odontologia.mxl.uabc.mx\/odo3\/5-especialidad-en-prostodoncia\/"]}]},{"@type":"ImageObject","inLanguage":"es","@id":"https:\/\/odontologia.mxl.uabc.mx\/odo3\/5-especialidad-en-prostodoncia\/#primaryimage","url":"https:\/\/odontologia.mxl.uabc.mx\/odo3\/wp-content\/uploads\/2025\/08\/prostodoncia.png","contentUrl":"https:\/\/odontologia.mxl.uabc.mx\/odo3\/wp-content\/uploads\/2025\/08\/prostodoncia.png","width":1920,"height":540},{"@type":"BreadcrumbList","@id":"https:\/\/odontologia.mxl.uabc.mx\/odo3\/5-especialidad-en-prostodoncia\/#breadcrumb","itemListElement":[{"@type":"ListItem","position":1,"name":"Portada","item":"https:\/\/odontologia.mxl.uabc.mx\/odo3\/"},{"@type":"ListItem","position":2,"name":"5. Especialidad en Prostodoncia"}]},{"@type":"WebSite","@id":"https:\/\/odontologia.mxl.uabc.mx\/odo3\/#website","url":"https:\/\/odontologia.mxl.uabc.mx\/odo3\/","name":"Facultad Odontolog\u00eda Mexicali UABC","description":"Facultad de Odontolog\u00eda Mexicali I UABC","publisher":{"@id":"https:\/\/odontologia.mxl.uabc.mx\/odo3\/#organization"},"potentialAction":[{"@type":"SearchAction","target":{"@type":"EntryPoint","urlTemplate":"https:\/\/odontologia.mxl.uabc.mx\/odo3\/?s={search_term_string}"},"query-input":{"@type":"PropertyValueSpecification","valueRequired":true,"valueName":"search_term_string"}}],"inLanguage":"es"},{"@type":"Organization","@id":"https:\/\/odontologia.mxl.uabc.mx\/odo3\/#organization","name":"UABC Odontolog\u00eda","url":"https:\/\/odontologia.mxl.uabc.mx\/odo3\/","logo":{"@type":"ImageObject","inLanguage":"es","@id":"https:\/\/odontologia.mxl.uabc.mx\/odo3\/#\/schema\/logo\/image\/","url":"https:\/\/odontologia.mxl.uabc.mx\/odo3\/wp-content\/uploads\/2021\/09\/NOMBRE-Y-LOGO-ua.png","contentUrl":"https:\/\/odontologia.mxl.uabc.mx\/odo3\/wp-content\/uploads\/2021\/09\/NOMBRE-Y-LOGO-ua.png","width":401,"height":142,"caption":"UABC Odontolog\u00eda"},"image":{"@id":"https:\/\/odontologia.mxl.uabc.mx\/odo3\/#\/schema\/logo\/image\/"},"sameAs":["https:\/\/www.facebook.com\/facultadde.odontologiamexicali"]}]}},"_links":{"self":[{"href":"https:\/\/odontologia.mxl.uabc.mx\/odo3\/wp-json\/wp\/v2\/pages\/1634","targetHints":{"allow":["GET"]}}],"collection":[{"href":"https:\/\/odontologia.mxl.uabc.mx\/odo3\/wp-json\/wp\/v2\/pages"}],"about":[{"href":"https:\/\/odontologia.mxl.uabc.mx\/odo3\/wp-json\/wp\/v2\/types\/page"}],"author":[{"embeddable":true,"href":"https:\/\/odontologia.mxl.uabc.mx\/odo3\/wp-json\/wp\/v2\/users\/2"}],"replies":[{"embeddable":true,"href":"https:\/\/odontologia.mxl.uabc.mx\/odo3\/wp-json\/wp\/v2\/comments?post=1634"}],"version-history":[{"count":5,"href":"https:\/\/odontologia.mxl.uabc.mx\/odo3\/wp-json\/wp\/v2\/pages\/1634\/revisions"}],"predecessor-version":[{"id":2496,"href":"https:\/\/odontologia.mxl.uabc.mx\/odo3\/wp-json\/wp\/v2\/pages\/1634\/revisions\/2496"}],"wp:attachment":[{"href":"https:\/\/odontologia.mxl.uabc.mx\/odo3\/wp-json\/wp\/v2\/media?parent=1634"}],"curies":[{"name":"wp","href":"https:\/\/api.w.org\/{rel}","templated":true}]}}