{"id":1630,"date":"2024-04-15T22:06:47","date_gmt":"2024-04-15T22:06:47","guid":{"rendered":"http:\/\/localhost\/odo3\/?page_id=1630"},"modified":"2025-12-06T06:36:12","modified_gmt":"2025-12-06T06:36:12","slug":"especialidad-en-ortodoncia","status":"publish","type":"page","link":"https:\/\/odontologia.mxl.uabc.mx\/odo3\/especialidad-en-ortodoncia\/","title":{"rendered":"3. Especialidad en Ortodoncia"},"content":{"rendered":"<p><img fetchpriority=\"high\" decoding=\"async\" class=\"wp-image-2364 aligncenter\" src=\"https:\/\/odontologia.mxl.uabc.mx\/odo3\/wp-content\/uploads\/2025\/05\/Especialidad-orto-300x84.png\" alt=\"\" width=\"546\" height=\"153\" srcset=\"https:\/\/odontologia.mxl.uabc.mx\/odo3\/wp-content\/uploads\/2025\/05\/Especialidad-orto-300x84.png 300w, https:\/\/odontologia.mxl.uabc.mx\/odo3\/wp-content\/uploads\/2025\/05\/Especialidad-orto-1024x288.png 1024w, https:\/\/odontologia.mxl.uabc.mx\/odo3\/wp-content\/uploads\/2025\/05\/Especialidad-orto-768x216.png 768w, https:\/\/odontologia.mxl.uabc.mx\/odo3\/wp-content\/uploads\/2025\/05\/Especialidad-orto-1536x432.png 1536w, https:\/\/odontologia.mxl.uabc.mx\/odo3\/wp-content\/uploads\/2025\/05\/Especialidad-orto.png 1920w\" sizes=\"(max-width: 546px) 100vw, 546px\" \/><\/p>\n<h3 style=\"text-align: center;\"><strong>Datos del Programa<\/strong><\/h3>\n<ul>\n<li>\n<h5><strong>Perfil de Ingreso<\/strong><\/h5>\n<\/li>\n<\/ul>\n<a href=\"https:\/\/odontologia.mxl.uabc.mx\/odo3\/wp-content\/uploads\/2024\/08\/A-Perfil-de-ingreso-orto-.pdf\" class=\"pdfemb-viewer\" style=\"\" data-width=\"max\" data-height=\"max\" data-toolbar=\"bottom\" data-toolbar-fixed=\"off\">A-Perfil-de-ingreso orto<\/a>\n<p>&nbsp;<\/p>\n<ul>\n<li>\n<h5><strong>Objetivos<\/strong><\/h5>\n<\/li>\n<\/ul>\n<a href=\"https:\/\/odontologia.mxl.uabc.mx\/odo3\/wp-content\/uploads\/2024\/08\/C-Objetivos-EO.pdf\" class=\"pdfemb-viewer\" style=\"\" data-width=\"max\" data-height=\"max\" data-toolbar=\"bottom\" data-toolbar-fixed=\"off\">C-Objetivos-EO<\/a>\n<h3 style=\"text-align: center;\"><strong>\u00a0Estructura del plan de estudios<\/strong><\/h3>\n<ul>\n<li>\n<h5><strong>Plan de estudios<\/strong><\/h5>\n<p><a href=\"https:\/\/odontologia.mxl.uabc.mx\/odo3\/wp-content\/uploads\/2024\/08\/D1-Plan-de-Estudio-Con-Registro-rto-.pdf\" class=\"pdfemb-viewer\" style=\"\" data-width=\"max\" data-height=\"max\" data-toolbar=\"bottom\" data-toolbar-fixed=\"off\">D1-Plan-de-Estudio-Con-Registro rto<\/a><\/li>\n<\/ul>\n<p>&nbsp;<\/p>\n<ul>\n<li>\n<h5><strong>Mapa Curricular<\/strong><\/h5>\n<p><a href=\"https:\/\/odontologia.mxl.uabc.mx\/odo3\/wp-content\/uploads\/2024\/08\/D2-Plan-de-Estudios-Mapa-Curricular-orto-.pdf\" class=\"pdfemb-viewer\" style=\"\" data-width=\"max\" data-height=\"max\" data-toolbar=\"bottom\" data-toolbar-fixed=\"off\">D2-Plan-de-Estudios-Mapa-Curricular orto<\/a><\/li>\n<\/ul>\n<p>&nbsp;<\/p>\n<h3 style=\"text-align: center;\"><strong>N\u00famero de alumnos por generaci\u00f3n<\/strong><\/h3>\n<ul>\n<li>\n<h5><strong>Mexicali<\/strong><\/h5>\n<p><a href=\"https:\/\/odontologia.mxl.uabc.mx\/odo3\/wp-content\/uploads\/2024\/08\/Mexicali.pdf\" class=\"pdfemb-viewer\" style=\"\" data-width=\"max\" data-height=\"max\" data-toolbar=\"bottom\" data-toolbar-fixed=\"off\">Mexicali<\/a><\/li>\n<\/ul>\n<ul>\n<li>\n<h5><strong>Tijuana<\/strong><\/h5>\n<p><a href=\"https:\/\/odontologia.mxl.uabc.mx\/odo3\/wp-content\/uploads\/2024\/08\/Tijuana.pdf\" class=\"pdfemb-viewer\" style=\"\" data-width=\"max\" data-height=\"max\" data-toolbar=\"bottom\" data-toolbar-fixed=\"off\">Tijuana<\/a><\/li>\n<\/ul>\n<p>&nbsp;<\/p>\n<ul>\n<li>\n<h5><strong>Movilidad Estudiantil<\/strong><\/h5>\n<p><a href=\"https:\/\/odontologia.mxl.uabc.mx\/odo3\/wp-content\/uploads\/2024\/08\/INCISO-E-MOVILIDAD.pdf\" class=\"pdfemb-viewer\" style=\"\" data-width=\"max\" data-height=\"max\" data-toolbar=\"bottom\" data-toolbar-fixed=\"off\">INCISO-E-MOVILIDAD<\/a><\/li>\n<\/ul>\n<p>&nbsp;<\/p>\n<ul>\n<li>\n<h5><strong>Planta Docente<\/strong><\/h5>\n<p><a href=\"https:\/\/odontologia.mxl.uabc.mx\/odo3\/wp-content\/uploads\/2024\/08\/G-Lineas-de-investigacion-o-LGAC.pdf\" class=\"pdfemb-viewer\" style=\"\" data-width=\"max\" data-height=\"max\" data-toolbar=\"bottom\" data-toolbar-fixed=\"off\">G-L\u00edneas-de-investigaci\u00f3n-o-LGAC<\/a><\/li>\n<\/ul>\n<p>&nbsp;<\/p>\n<ul>\n<li>\n<h5><strong>Tutor\u00edas<\/strong><\/h5>\n<p><a href=\"https:\/\/odontologia.mxl.uabc.mx\/odo3\/wp-content\/uploads\/2024\/08\/H-Tutorias-y-seguimiento-a-estudiantes.pdf\" class=\"pdfemb-viewer\" style=\"\" data-width=\"max\" data-height=\"max\" data-toolbar=\"bottom\" data-toolbar-fixed=\"off\">H-Tutor\u00edas-y-seguimiento-a-estudiantes<\/a><\/li>\n<\/ul>\n<p>&nbsp;<\/p>\n<ul>\n<li>\n<h5><strong>Vinculaci\u00f3n<\/strong><\/h5>\n<p><a href=\"https:\/\/odontologia.mxl.uabc.mx\/odo3\/wp-content\/uploads\/2024\/08\/J-Vinculacion.pdf\" class=\"pdfemb-viewer\" style=\"\" data-width=\"max\" data-height=\"max\" data-toolbar=\"bottom\" data-toolbar-fixed=\"off\">J-Vinculacion<\/a><\/li>\n<\/ul>\n<ul>\n<li>\n<h5><strong>Procesos administrativos<\/strong><\/h5>\n<p><a href=\"https:\/\/odontologia.mxl.uabc.mx\/odo3\/wp-content\/uploads\/2024\/08\/K-Procesos-Administrativos.pdf\" class=\"pdfemb-viewer\" style=\"\" data-width=\"max\" data-height=\"max\" data-toolbar=\"bottom\" data-toolbar-fixed=\"off\">K-Procesos-Administrativos<\/a><\/li>\n<\/ul>\n<p>&nbsp;<\/p>\n<ul>\n<li>\n<h5>\u00a0<strong>Informaci\u00f3n adicional<\/strong><\/h5>\n<p><a href=\"https:\/\/odontologia.mxl.uabc.mx\/odo3\/wp-content\/uploads\/2024\/08\/L-Informacion-Adicional.pdf\" class=\"pdfemb-viewer\" style=\"\" data-width=\"max\" data-height=\"max\" data-toolbar=\"bottom\" data-toolbar-fixed=\"off\">L-Informacion-Adicional<\/a><\/li>\n<\/ul>\n<p>&nbsp;<\/p>\n<ul>\n<li>\n<h5><strong>Descargable<\/strong><\/h5>\n<p><a href=\"https:\/\/odontologia.mxl.uabc.mx\/odo3\/wp-content\/uploads\/2024\/08\/request.pdf\" class=\"pdfemb-viewer\" style=\"\" data-width=\"max\" data-height=\"max\" data-toolbar=\"bottom\" data-toolbar-fixed=\"off\">request<\/a><\/li>\n<\/ul>\n","protected":false},"excerpt":{"rendered":"<p>Datos del Programa Perfil de Ingreso &nbsp; Objetivos \u00a0Estructura del plan de estudios Plan de estudios &nbsp; Mapa Curricular &nbsp; N\u00famero de alumnos por generaci\u00f3n Mexicali Tijuana &nbsp; Movilidad Estudiantil &nbsp; Planta Docente &nbsp; Tutor\u00edas &nbsp; Vinculaci\u00f3n Procesos administrativos &nbsp; \u00a0Informaci\u00f3n adicional &nbsp; Descargable<\/p>\n","protected":false},"author":2,"featured_media":0,"parent":0,"menu_order":0,"comment_status":"closed","ping_status":"closed","template":"","meta":{"site-sidebar-layout":"default","site-content-layout":"default","ast-site-content-layout":"default","site-content-style":"default","site-sidebar-style":"default","ast-global-header-display":"","ast-banner-title-visibility":"","ast-main-header-display":"","ast-hfb-above-header-display":"","ast-hfb-below-header-display":"","ast-hfb-mobile-header-display":"","site-post-title":"","ast-breadcrumbs-content":"","ast-featured-img":"","footer-sml-layout":"","theme-transparent-header-meta":"default","adv-header-id-meta":"","stick-header-meta":"","header-above-stick-meta":"","header-main-stick-meta":"","header-below-stick-meta":"","astra-migrate-meta-layouts":"set","ast-page-background-enabled":"default","ast-page-background-meta":{"desktop":{"background-color":"","background-image":"","background-repeat":"repeat","background-position":"center center","background-size":"auto","background-attachment":"scroll","background-type":"","background-media":"","overlay-type":"","overlay-color":"","overlay-opacity":"","overlay-gradient":""},"tablet":{"background-color":"","background-image":"","background-repeat":"repeat","background-position":"center center","background-size":"auto","background-attachment":"scroll","background-type":"","background-media":"","overlay-type":"","overlay-color":"","overlay-opacity":"","overlay-gradient":""},"mobile":{"background-color":"","background-image":"","background-repeat":"repeat","background-position":"center center","background-size":"auto","background-attachment":"scroll","background-type":"","background-media":"","overlay-type":"","overlay-color":"","overlay-opacity":"","overlay-gradient":""}},"ast-content-background-meta":{"desktop":{"background-color":"var(--ast-global-color-5)","background-image":"","background-repeat":"repeat","background-position":"center center","background-size":"auto","background-attachment":"scroll","background-type":"","background-media":"","overlay-type":"","overlay-color":"","overlay-opacity":"","overlay-gradient":""},"tablet":{"background-color":"var(--ast-global-color-5)","background-image":"","background-repeat":"repeat","background-position":"center center","background-size":"auto","background-attachment":"scroll","background-type":"","background-media":"","overlay-type":"","overlay-color":"","overlay-opacity":"","overlay-gradient":""},"mobile":{"background-color":"var(--ast-global-color-5)","background-image":"","background-repeat":"repeat","background-position":"center center","background-size":"auto","background-attachment":"scroll","background-type":"","background-media":"","overlay-type":"","overlay-color":"","overlay-opacity":"","overlay-gradient":""}},"footnotes":""},"class_list":["post-1630","page","type-page","status-publish","hentry"],"yoast_head":"<!-- This site is optimized with the Yoast SEO plugin v26.5 - https:\/\/yoast.com\/wordpress\/plugins\/seo\/ -->\r\n<title>3. Especialidad en Ortodoncia - Facultad de Odontolog\u00eda Mexicali I Universidad Aut\u00f3noma de Baja California<\/title>\r\n<meta name=\"description\" content=\"Postula a la Especialidad en Ortodoncia de la FOM\/UABC. Accede a informaci\u00f3n sobre la convocatoria, requisitos, plan de estudios y el prestigio de nuestro programa de posgrado.\" \/>\r\n<meta name=\"robots\" content=\"index, follow, max-snippet:-1, max-image-preview:large, max-video-preview:-1\" \/>\r\n<link rel=\"canonical\" href=\"https:\/\/odontologia.mxl.uabc.mx\/odo3\/especialidad-en-ortodoncia\/\" \/>\r\n<meta property=\"og:locale\" content=\"es_ES\" \/>\r\n<meta property=\"og:type\" content=\"article\" \/>\r\n<meta property=\"og:title\" content=\"3. Especialidad en Ortodoncia - Facultad de Odontolog\u00eda Mexicali I Universidad Aut\u00f3noma de Baja California\" \/>\r\n<meta property=\"og:description\" content=\"Postula a la Especialidad en Ortodoncia de la FOM\/UABC. Accede a informaci\u00f3n sobre la convocatoria, requisitos, plan de estudios y el prestigio de nuestro programa de posgrado.\" \/>\r\n<meta property=\"og:url\" content=\"https:\/\/odontologia.mxl.uabc.mx\/odo3\/especialidad-en-ortodoncia\/\" \/>\r\n<meta property=\"og:site_name\" content=\"Facultad de Odontolog\u00eda Mexicali I Universidad Aut\u00f3noma de Baja California\" \/>\r\n<meta property=\"article:publisher\" content=\"https:\/\/www.facebook.com\/facultadde.odontologiamexicali\" \/>\r\n<meta property=\"article:modified_time\" content=\"2025-12-06T06:36:12+00:00\" \/>\r\n<meta property=\"og:image\" content=\"https:\/\/odontologia.mxl.uabc.mx\/odo3\/wp-content\/uploads\/2025\/05\/Especialidad-orto.png\" \/>\r\n\t<meta property=\"og:image:width\" content=\"1920\" \/>\r\n\t<meta property=\"og:image:height\" content=\"540\" \/>\r\n\t<meta property=\"og:image:type\" content=\"image\/png\" \/>\r\n<meta name=\"twitter:card\" content=\"summary_large_image\" \/>\r\n<meta name=\"twitter:label1\" content=\"Tiempo de lectura\" \/>\n\t<meta name=\"twitter:data1\" content=\"1 minuto\" \/>\r\n<script type=\"application\/ld+json\" class=\"yoast-schema-graph\">{\"@context\":\"https:\/\/schema.org\",\"@graph\":[{\"@type\":\"WebPage\",\"@id\":\"https:\/\/odontologia.mxl.uabc.mx\/odo3\/especialidad-en-ortodoncia\/\",\"url\":\"https:\/\/odontologia.mxl.uabc.mx\/odo3\/especialidad-en-ortodoncia\/\",\"name\":\"3. Especialidad en Ortodoncia - Facultad de Odontolog\u00eda Mexicali I Universidad Aut\u00f3noma de Baja California\",\"isPartOf\":{\"@id\":\"https:\/\/odontologia.mxl.uabc.mx\/odo3\/#website\"},\"primaryImageOfPage\":{\"@id\":\"https:\/\/odontologia.mxl.uabc.mx\/odo3\/especialidad-en-ortodoncia\/#primaryimage\"},\"image\":{\"@id\":\"https:\/\/odontologia.mxl.uabc.mx\/odo3\/especialidad-en-ortodoncia\/#primaryimage\"},\"thumbnailUrl\":\"https:\/\/odontologia.mxl.uabc.mx\/odo3\/wp-content\/uploads\/2025\/05\/Especialidad-orto-300x84.png\",\"datePublished\":\"2024-04-15T22:06:47+00:00\",\"dateModified\":\"2025-12-06T06:36:12+00:00\",\"description\":\"Postula a la Especialidad en Ortodoncia de la FOM\/UABC. Accede a informaci\u00f3n sobre la convocatoria, requisitos, plan de estudios y el prestigio de nuestro programa de posgrado.\",\"breadcrumb\":{\"@id\":\"https:\/\/odontologia.mxl.uabc.mx\/odo3\/especialidad-en-ortodoncia\/#breadcrumb\"},\"inLanguage\":\"es\",\"potentialAction\":[{\"@type\":\"ReadAction\",\"target\":[\"https:\/\/odontologia.mxl.uabc.mx\/odo3\/especialidad-en-ortodoncia\/\"]}]},{\"@type\":\"ImageObject\",\"inLanguage\":\"es\",\"@id\":\"https:\/\/odontologia.mxl.uabc.mx\/odo3\/especialidad-en-ortodoncia\/#primaryimage\",\"url\":\"https:\/\/odontologia.mxl.uabc.mx\/odo3\/wp-content\/uploads\/2025\/05\/Especialidad-orto.png\",\"contentUrl\":\"https:\/\/odontologia.mxl.uabc.mx\/odo3\/wp-content\/uploads\/2025\/05\/Especialidad-orto.png\",\"width\":1920,\"height\":540},{\"@type\":\"BreadcrumbList\",\"@id\":\"https:\/\/odontologia.mxl.uabc.mx\/odo3\/especialidad-en-ortodoncia\/#breadcrumb\",\"itemListElement\":[{\"@type\":\"ListItem\",\"position\":1,\"name\":\"Portada\",\"item\":\"https:\/\/odontologia.mxl.uabc.mx\/odo3\/\"},{\"@type\":\"ListItem\",\"position\":2,\"name\":\"3. Especialidad en Ortodoncia\"}]},{\"@type\":\"WebSite\",\"@id\":\"https:\/\/odontologia.mxl.uabc.mx\/odo3\/#website\",\"url\":\"https:\/\/odontologia.mxl.uabc.mx\/odo3\/\",\"name\":\"Facultad Odontolog\u00eda Mexicali UABC\",\"description\":\"Facultad de Odontolog\u00eda Mexicali I UABC\",\"publisher\":{\"@id\":\"https:\/\/odontologia.mxl.uabc.mx\/odo3\/#organization\"},\"potentialAction\":[{\"@type\":\"SearchAction\",\"target\":{\"@type\":\"EntryPoint\",\"urlTemplate\":\"https:\/\/odontologia.mxl.uabc.mx\/odo3\/?s={search_term_string}\"},\"query-input\":{\"@type\":\"PropertyValueSpecification\",\"valueRequired\":true,\"valueName\":\"search_term_string\"}}],\"inLanguage\":\"es\"},{\"@type\":\"Organization\",\"@id\":\"https:\/\/odontologia.mxl.uabc.mx\/odo3\/#organization\",\"name\":\"UABC Odontolog\u00eda\",\"url\":\"https:\/\/odontologia.mxl.uabc.mx\/odo3\/\",\"logo\":{\"@type\":\"ImageObject\",\"inLanguage\":\"es\",\"@id\":\"https:\/\/odontologia.mxl.uabc.mx\/odo3\/#\/schema\/logo\/image\/\",\"url\":\"https:\/\/odontologia.mxl.uabc.mx\/odo3\/wp-content\/uploads\/2021\/09\/NOMBRE-Y-LOGO-ua.png\",\"contentUrl\":\"https:\/\/odontologia.mxl.uabc.mx\/odo3\/wp-content\/uploads\/2021\/09\/NOMBRE-Y-LOGO-ua.png\",\"width\":401,\"height\":142,\"caption\":\"UABC Odontolog\u00eda\"},\"image\":{\"@id\":\"https:\/\/odontologia.mxl.uabc.mx\/odo3\/#\/schema\/logo\/image\/\"},\"sameAs\":[\"https:\/\/www.facebook.com\/facultadde.odontologiamexicali\"]}]}<\/script>\r\n<!-- \/ Yoast SEO plugin. -->","yoast_head_json":{"title":"3. Especialidad en Ortodoncia - Facultad de Odontolog\u00eda Mexicali I Universidad Aut\u00f3noma de Baja California","description":"Postula a la Especialidad en Ortodoncia de la FOM\/UABC. Accede a informaci\u00f3n sobre la convocatoria, requisitos, plan de estudios y el prestigio de nuestro programa de posgrado.","robots":{"index":"index","follow":"follow","max-snippet":"max-snippet:-1","max-image-preview":"max-image-preview:large","max-video-preview":"max-video-preview:-1"},"canonical":"https:\/\/odontologia.mxl.uabc.mx\/odo3\/especialidad-en-ortodoncia\/","og_locale":"es_ES","og_type":"article","og_title":"3. Especialidad en Ortodoncia - Facultad de Odontolog\u00eda Mexicali I Universidad Aut\u00f3noma de Baja California","og_description":"Postula a la Especialidad en Ortodoncia de la FOM\/UABC. Accede a informaci\u00f3n sobre la convocatoria, requisitos, plan de estudios y el prestigio de nuestro programa de posgrado.","og_url":"https:\/\/odontologia.mxl.uabc.mx\/odo3\/especialidad-en-ortodoncia\/","og_site_name":"Facultad de Odontolog\u00eda Mexicali I Universidad Aut\u00f3noma de Baja California","article_publisher":"https:\/\/www.facebook.com\/facultadde.odontologiamexicali","article_modified_time":"2025-12-06T06:36:12+00:00","og_image":[{"width":1920,"height":540,"url":"https:\/\/odontologia.mxl.uabc.mx\/odo3\/wp-content\/uploads\/2025\/05\/Especialidad-orto.png","type":"image\/png"}],"twitter_card":"summary_large_image","twitter_misc":{"Tiempo de lectura":"1 minuto"},"schema":{"@context":"https:\/\/schema.org","@graph":[{"@type":"WebPage","@id":"https:\/\/odontologia.mxl.uabc.mx\/odo3\/especialidad-en-ortodoncia\/","url":"https:\/\/odontologia.mxl.uabc.mx\/odo3\/especialidad-en-ortodoncia\/","name":"3. Especialidad en Ortodoncia - Facultad de Odontolog\u00eda Mexicali I Universidad Aut\u00f3noma de Baja California","isPartOf":{"@id":"https:\/\/odontologia.mxl.uabc.mx\/odo3\/#website"},"primaryImageOfPage":{"@id":"https:\/\/odontologia.mxl.uabc.mx\/odo3\/especialidad-en-ortodoncia\/#primaryimage"},"image":{"@id":"https:\/\/odontologia.mxl.uabc.mx\/odo3\/especialidad-en-ortodoncia\/#primaryimage"},"thumbnailUrl":"https:\/\/odontologia.mxl.uabc.mx\/odo3\/wp-content\/uploads\/2025\/05\/Especialidad-orto-300x84.png","datePublished":"2024-04-15T22:06:47+00:00","dateModified":"2025-12-06T06:36:12+00:00","description":"Postula a la Especialidad en Ortodoncia de la FOM\/UABC. Accede a informaci\u00f3n sobre la convocatoria, requisitos, plan de estudios y el prestigio de nuestro programa de posgrado.","breadcrumb":{"@id":"https:\/\/odontologia.mxl.uabc.mx\/odo3\/especialidad-en-ortodoncia\/#breadcrumb"},"inLanguage":"es","potentialAction":[{"@type":"ReadAction","target":["https:\/\/odontologia.mxl.uabc.mx\/odo3\/especialidad-en-ortodoncia\/"]}]},{"@type":"ImageObject","inLanguage":"es","@id":"https:\/\/odontologia.mxl.uabc.mx\/odo3\/especialidad-en-ortodoncia\/#primaryimage","url":"https:\/\/odontologia.mxl.uabc.mx\/odo3\/wp-content\/uploads\/2025\/05\/Especialidad-orto.png","contentUrl":"https:\/\/odontologia.mxl.uabc.mx\/odo3\/wp-content\/uploads\/2025\/05\/Especialidad-orto.png","width":1920,"height":540},{"@type":"BreadcrumbList","@id":"https:\/\/odontologia.mxl.uabc.mx\/odo3\/especialidad-en-ortodoncia\/#breadcrumb","itemListElement":[{"@type":"ListItem","position":1,"name":"Portada","item":"https:\/\/odontologia.mxl.uabc.mx\/odo3\/"},{"@type":"ListItem","position":2,"name":"3. Especialidad en Ortodoncia"}]},{"@type":"WebSite","@id":"https:\/\/odontologia.mxl.uabc.mx\/odo3\/#website","url":"https:\/\/odontologia.mxl.uabc.mx\/odo3\/","name":"Facultad Odontolog\u00eda Mexicali UABC","description":"Facultad de Odontolog\u00eda Mexicali I UABC","publisher":{"@id":"https:\/\/odontologia.mxl.uabc.mx\/odo3\/#organization"},"potentialAction":[{"@type":"SearchAction","target":{"@type":"EntryPoint","urlTemplate":"https:\/\/odontologia.mxl.uabc.mx\/odo3\/?s={search_term_string}"},"query-input":{"@type":"PropertyValueSpecification","valueRequired":true,"valueName":"search_term_string"}}],"inLanguage":"es"},{"@type":"Organization","@id":"https:\/\/odontologia.mxl.uabc.mx\/odo3\/#organization","name":"UABC Odontolog\u00eda","url":"https:\/\/odontologia.mxl.uabc.mx\/odo3\/","logo":{"@type":"ImageObject","inLanguage":"es","@id":"https:\/\/odontologia.mxl.uabc.mx\/odo3\/#\/schema\/logo\/image\/","url":"https:\/\/odontologia.mxl.uabc.mx\/odo3\/wp-content\/uploads\/2021\/09\/NOMBRE-Y-LOGO-ua.png","contentUrl":"https:\/\/odontologia.mxl.uabc.mx\/odo3\/wp-content\/uploads\/2021\/09\/NOMBRE-Y-LOGO-ua.png","width":401,"height":142,"caption":"UABC Odontolog\u00eda"},"image":{"@id":"https:\/\/odontologia.mxl.uabc.mx\/odo3\/#\/schema\/logo\/image\/"},"sameAs":["https:\/\/www.facebook.com\/facultadde.odontologiamexicali"]}]}},"_links":{"self":[{"href":"https:\/\/odontologia.mxl.uabc.mx\/odo3\/wp-json\/wp\/v2\/pages\/1630","targetHints":{"allow":["GET"]}}],"collection":[{"href":"https:\/\/odontologia.mxl.uabc.mx\/odo3\/wp-json\/wp\/v2\/pages"}],"about":[{"href":"https:\/\/odontologia.mxl.uabc.mx\/odo3\/wp-json\/wp\/v2\/types\/page"}],"author":[{"embeddable":true,"href":"https:\/\/odontologia.mxl.uabc.mx\/odo3\/wp-json\/wp\/v2\/users\/2"}],"replies":[{"embeddable":true,"href":"https:\/\/odontologia.mxl.uabc.mx\/odo3\/wp-json\/wp\/v2\/comments?post=1630"}],"version-history":[{"count":3,"href":"https:\/\/odontologia.mxl.uabc.mx\/odo3\/wp-json\/wp\/v2\/pages\/1630\/revisions"}],"predecessor-version":[{"id":2367,"href":"https:\/\/odontologia.mxl.uabc.mx\/odo3\/wp-json\/wp\/v2\/pages\/1630\/revisions\/2367"}],"wp:attachment":[{"href":"https:\/\/odontologia.mxl.uabc.mx\/odo3\/wp-json\/wp\/v2\/media?parent=1630"}],"curies":[{"name":"wp","href":"https:\/\/api.w.org\/{rel}","templated":true}]}}